{"id":15038,"date":"2025-06-01T18:38:34","date_gmt":"2025-06-01T18:38:34","guid":{"rendered":"https:\/\/fecomcr.com\/?post_type=event_listing&#038;p=15038"},"modified":"2025-06-01T18:39:14","modified_gmt":"2025-06-01T18:39:14","slug":"automodelismo-off-road","status":"publish","type":"event_listing","link":"https:\/\/fecomcr.com\/?event_listing=automodelismo-off-road","title":{"rendered":"Automodelismo Off Road"},"content":{"rendered":"<p>No te pierdas la acci\u00f3n de estos pilotos y m\u00e1quinas a escala<\/p>\n","protected":false},"featured_media":15037,"template":"","meta":[],"event_listing_category":[],"event_listing_type":[],"class_list":["post-15038","event_listing","type-event_listing","status-publish","has-post-thumbnail","hentry"],"aioseo_notices":[],"yoast_head":"<!-- This site is optimized with the Yoast SEO plugin v24.8.1 - https:\/\/yoast.com\/wordpress\/plugins\/seo\/ -->\n<title>Automodelismo Off Road - Federaci\u00f3n Costarricense de los Motores<\/title>\n<meta name=\"robots\" content=\"index, follow, max-snippet:-1, max-image-preview:large, max-video-preview:-1\" \/>\n<link rel=\"canonical\" href=\"https:\/\/fecomcr.com\/?event_listing=automodelismo-off-road\" \/>\n<meta property=\"og:locale\" content=\"en_US\" \/>\n<meta property=\"og:type\" content=\"article\" \/>\n<meta property=\"og:title\" content=\"Automodelismo Off Road - Federaci\u00f3n Costarricense de los Motores\" \/>\n<meta property=\"og:description\" content=\"No te pierdas la acci\u00f3n de estos pilotos y m\u00e1quinas a escala\" \/>\n<meta property=\"og:url\" content=\"https:\/\/fecomcr.com\/?event_listing=automodelismo-off-road\" \/>\n<meta property=\"og:site_name\" content=\"Federaci\u00f3n Costarricense de los Motores\" \/>\n<meta property=\"article:modified_time\" content=\"2025-06-01T18:39:14+00:00\" \/>\n<meta property=\"og:image\" content=\"https:\/\/fecomcr.com\/wp-content\/uploads\/2025\/06\/6000x4000-OFF-ROAD-22-JUN-1024x683.png\" \/>\n\t<meta property=\"og:image:width\" content=\"1024\" \/>\n\t<meta property=\"og:image:height\" content=\"683\" \/>\n\t<meta property=\"og:image:type\" content=\"image\/png\" \/>\n<meta name=\"twitter:card\" content=\"summary_large_image\" \/>\n<meta name=\"twitter:label1\" content=\"Est. reading time\" \/>\n\t<meta name=\"twitter:data1\" content=\"1 minute\" \/>\n<script type=\"application\/ld+json\" class=\"yoast-schema-graph\">{\"@context\":\"https:\/\/schema.org\",\"@graph\":[{\"@type\":\"WebPage\",\"@id\":\"https:\/\/fecomcr.com\/?event_listing=automodelismo-off-road\",\"url\":\"https:\/\/fecomcr.com\/?event_listing=automodelismo-off-road\",\"name\":\"Automodelismo Off Road - Federaci\u00f3n Costarricense de los Motores\",\"isPartOf\":{\"@id\":\"https:\/\/fecomcr.com\/#website\"},\"primaryImageOfPage\":{\"@id\":\"https:\/\/fecomcr.com\/?event_listing=automodelismo-off-road#primaryimage\"},\"image\":{\"@id\":\"https:\/\/fecomcr.com\/?event_listing=automodelismo-off-road#primaryimage\"},\"thumbnailUrl\":\"https:\/\/fecomcr.com\/wp-content\/uploads\/2025\/06\/6000x4000-OFF-ROAD-22-JUN-scaled.png\",\"datePublished\":\"2025-06-01T18:38:34+00:00\",\"dateModified\":\"2025-06-01T18:39:14+00:00\",\"breadcrumb\":{\"@id\":\"https:\/\/fecomcr.com\/?event_listing=automodelismo-off-road#breadcrumb\"},\"inLanguage\":\"en-US\",\"potentialAction\":[{\"@type\":\"ReadAction\",\"target\":[\"https:\/\/fecomcr.com\/?event_listing=automodelismo-off-road\"]}]},{\"@type\":\"ImageObject\",\"inLanguage\":\"en-US\",\"@id\":\"https:\/\/fecomcr.com\/?event_listing=automodelismo-off-road#primaryimage\",\"url\":\"https:\/\/fecomcr.com\/wp-content\/uploads\/2025\/06\/6000x4000-OFF-ROAD-22-JUN-scaled.png\",\"contentUrl\":\"https:\/\/fecomcr.com\/wp-content\/uploads\/2025\/06\/6000x4000-OFF-ROAD-22-JUN-scaled.png\",\"width\":2560,\"height\":1707},{\"@type\":\"BreadcrumbList\",\"@id\":\"https:\/\/fecomcr.com\/?event_listing=automodelismo-off-road#breadcrumb\",\"itemListElement\":[{\"@type\":\"ListItem\",\"position\":1,\"name\":\"Home\",\"item\":\"https:\/\/fecomcr.com\/\"},{\"@type\":\"ListItem\",\"position\":2,\"name\":\"Automodelismo Off Road\"}]},{\"@type\":\"WebSite\",\"@id\":\"https:\/\/fecomcr.com\/#website\",\"url\":\"https:\/\/fecomcr.com\/\",\"name\":\"Federaci\u00f3n Costarricense de los Motores\",\"description\":\"FECOM\",\"potentialAction\":[{\"@type\":\"SearchAction\",\"target\":{\"@type\":\"EntryPoint\",\"urlTemplate\":\"https:\/\/fecomcr.com\/?s={search_term_string}\"},\"query-input\":{\"@type\":\"PropertyValueSpecification\",\"valueRequired\":true,\"valueName\":\"search_term_string\"}}],\"inLanguage\":\"en-US\"}]}<\/script>\n<!-- \/ Yoast SEO plugin. -->","yoast_head_json":{"title":"Automodelismo Off Road - Federaci\u00f3n Costarricense de los Motores","robots":{"index":"index","follow":"follow","max-snippet":"max-snippet:-1","max-image-preview":"max-image-preview:large","max-video-preview":"max-video-preview:-1"},"canonical":"https:\/\/fecomcr.com\/?event_listing=automodelismo-off-road","og_locale":"en_US","og_type":"article","og_title":"Automodelismo Off Road - Federaci\u00f3n Costarricense de los Motores","og_description":"No te pierdas la acci\u00f3n de estos pilotos y m\u00e1quinas a escala","og_url":"https:\/\/fecomcr.com\/?event_listing=automodelismo-off-road","og_site_name":"Federaci\u00f3n Costarricense de los Motores","article_modified_time":"2025-06-01T18:39:14+00:00","og_image":[{"width":1024,"height":683,"url":"https:\/\/fecomcr.com\/wp-content\/uploads\/2025\/06\/6000x4000-OFF-ROAD-22-JUN-1024x683.png","type":"image\/png"}],"twitter_card":"summary_large_image","twitter_misc":{"Est. reading time":"1 minute"},"schema":{"@context":"https:\/\/schema.org","@graph":[{"@type":"WebPage","@id":"https:\/\/fecomcr.com\/?event_listing=automodelismo-off-road","url":"https:\/\/fecomcr.com\/?event_listing=automodelismo-off-road","name":"Automodelismo Off Road - Federaci\u00f3n Costarricense de los Motores","isPartOf":{"@id":"https:\/\/fecomcr.com\/#website"},"primaryImageOfPage":{"@id":"https:\/\/fecomcr.com\/?event_listing=automodelismo-off-road#primaryimage"},"image":{"@id":"https:\/\/fecomcr.com\/?event_listing=automodelismo-off-road#primaryimage"},"thumbnailUrl":"https:\/\/fecomcr.com\/wp-content\/uploads\/2025\/06\/6000x4000-OFF-ROAD-22-JUN-scaled.png","datePublished":"2025-06-01T18:38:34+00:00","dateModified":"2025-06-01T18:39:14+00:00","breadcrumb":{"@id":"https:\/\/fecomcr.com\/?event_listing=automodelismo-off-road#breadcrumb"},"inLanguage":"en-US","potentialAction":[{"@type":"ReadAction","target":["https:\/\/fecomcr.com\/?event_listing=automodelismo-off-road"]}]},{"@type":"ImageObject","inLanguage":"en-US","@id":"https:\/\/fecomcr.com\/?event_listing=automodelismo-off-road#primaryimage","url":"https:\/\/fecomcr.com\/wp-content\/uploads\/2025\/06\/6000x4000-OFF-ROAD-22-JUN-scaled.png","contentUrl":"https:\/\/fecomcr.com\/wp-content\/uploads\/2025\/06\/6000x4000-OFF-ROAD-22-JUN-scaled.png","width":2560,"height":1707},{"@type":"BreadcrumbList","@id":"https:\/\/fecomcr.com\/?event_listing=automodelismo-off-road#breadcrumb","itemListElement":[{"@type":"ListItem","position":1,"name":"Home","item":"https:\/\/fecomcr.com\/"},{"@type":"ListItem","position":2,"name":"Automodelismo Off Road"}]},{"@type":"WebSite","@id":"https:\/\/fecomcr.com\/#website","url":"https:\/\/fecomcr.com\/","name":"Federaci\u00f3n Costarricense de los Motores","description":"FECOM","potentialAction":[{"@type":"SearchAction","target":{"@type":"EntryPoint","urlTemplate":"https:\/\/fecomcr.com\/?s={search_term_string}"},"query-input":{"@type":"PropertyValueSpecification","valueRequired":true,"valueName":"search_term_string"}}],"inLanguage":"en-US"}]}},"jetpack_sharing_enabled":true,"_links":{"self":[{"href":"https:\/\/fecomcr.com\/index.php?rest_route=\/wp\/v2\/event_listing\/15038","targetHints":{"allow":["GET"]}}],"collection":[{"href":"https:\/\/fecomcr.com\/index.php?rest_route=\/wp\/v2\/event_listing"}],"about":[{"href":"https:\/\/fecomcr.com\/index.php?rest_route=\/wp\/v2\/types\/event_listing"}],"wp:featuredmedia":[{"embeddable":true,"href":"https:\/\/fecomcr.com\/index.php?rest_route=\/wp\/v2\/media\/15037"}],"wp:attachment":[{"href":"https:\/\/fecomcr.com\/index.php?rest_route=%2Fwp%2Fv2%2Fmedia&parent=15038"}],"wp:term":[{"taxonomy":"event_listing_category","embeddable":true,"href":"https:\/\/fecomcr.com\/index.php?rest_route=%2Fwp%2Fv2%2Fevent_listing_category&post=15038"},{"taxonomy":"event_listing_type","embeddable":true,"href":"https:\/\/fecomcr.com\/index.php?rest_route=%2Fwp%2Fv2%2Fevent_listing_type&post=15038"}],"curies":[{"name":"wp","href":"https:\/\/api.w.org\/{rel}","templated":true}]}}

<p>No te pierdas la acción de estos pilotos y máquinas a escala</p>

<!-- This site is optimized with the Yoast SEO plugin v24.8.1 - https://yoast.com/wordpress/plugins/seo/ -->
<title>Automodelismo Off Road - Federación Costarricense de los Motores</title>
<meta name="robots" content="index, follow, max-snippet:-1, max-image-preview:large, max-video-preview:-1" />
<link rel="canonical" href="https://fecomcr.com/?event_listing=automodelismo-off-road" />
<meta property="og:locale" content="en_US" />
<meta property="og:type" content="article" />
<meta property="og:title" content="Automodelismo Off Road - Federación Costarricense de los Motores" />
<meta property="og:description" content="No te pierdas la acción de estos pilotos y máquinas a escala" />
<meta property="og:url" content="https://fecomcr.com/?event_listing=automodelismo-off-road" />
<meta property="og:site_name" content="Federación Costarricense de los Motores" />
<meta property="article:modified_time" content="2025-06-01T18:39:14+00:00" />
<meta property="og:image" content="https://fecomcr.com/wp-content/uploads/2025/06/6000x4000-OFF-ROAD-22-JUN-1024x683.png" />
	<meta property="og:image:width" content="1024" />
	<meta property="og:image:height" content="683" />
	<meta property="og:image:type" content="image/png" />
<meta name="twitter:card" content="summary_large_image" />
<meta name="twitter:label1" content="Est. reading time" />
	<meta name="twitter:data1" content="1 minute" />
<script type="application/ld+json" class="yoast-schema-graph">{"@context":"https://schema.org","@graph":[{"@type":"WebPage","@id":"https://fecomcr.com/?event_listing=automodelismo-off-road","url":"https://fecomcr.com/?event_listing=automodelismo-off-road","name":"Automodelismo Off Road - Federación Costarricense de los Motores","isPartOf":{"@id":"https://fecomcr.com/#website"},"primaryImageOfPage":{"@id":"https://fecomcr.com/?event_listing=automodelismo-off-road#primaryimage"},"image":{"@id":"https://fecomcr.com/?event_listing=automodelismo-off-road#primaryimage"},"thumbnailUrl":"https://fecomcr.com/wp-content/uploads/2025/06/6000x4000-OFF-ROAD-22-JUN-scaled.png","datePublished":"2025-06-01T18:38:34+00:00","dateModified":"2025-06-01T18:39:14+00:00","breadcrumb":{"@id":"https://fecomcr.com/?event_listing=automodelismo-off-road#breadcrumb"},"inLanguage":"en-US","potentialAction":[{"@type":"ReadAction","target":["https://fecomcr.com/?event_listing=automodelismo-off-road"]}]},{"@type":"ImageObject","inLanguage":"en-US","@id":"https://fecomcr.com/?event_listing=automodelismo-off-road#primaryimage","url":"https://fecomcr.com/wp-content/uploads/2025/06/6000x4000-OFF-ROAD-22-JUN-scaled.png","contentUrl":"https://fecomcr.com/wp-content/uploads/2025/06/6000x4000-OFF-ROAD-22-JUN-scaled.png","width":2560,"height":1707},{"@type":"BreadcrumbList","@id":"https://fecomcr.com/?event_listing=automodelismo-off-road#breadcrumb","itemListElement":[{"@type":"ListItem","position":1,"name":"Home","item":"https://fecomcr.com/"},{"@type":"ListItem","position":2,"name":"Automodelismo Off Road"}]},{"@type":"WebSite","@id":"https://fecomcr.com/#website","url":"https://fecomcr.com/","name":"Federación Costarricense de los Motores","description":"FECOM","potentialAction":[{"@type":"SearchAction","target":{"@type":"EntryPoint","urlTemplate":"https://fecomcr.com/?s={search_term_string}"},"query-input":{"@type":"PropertyValueSpecification","valueRequired":true,"valueName":"search_term_string"}}],"inLanguage":"en-US"}]}</script>
<!-- / Yoast SEO plugin. -->

Automodelismo Off Road - Federación Costarricense de los Motores

No te pierdas la acción de estos pilotos y máquinas a escala

Federación Costarricense de los Motores
